digit of 10291?
0
What is the hundreds digit of 7531?
5
What is the hundreds digit of 33313?
3
What is the thousands digit of 1918?
1
What is the thousands digit of 7446?
7
What is the ten thousands digit of 31705?
3
What is the tens digit of 13804?
0
What is the tens digit of 39052?
5
What is the tens digit of 64546?
4
What is the thousands digit of 1071?
1
What is the thousands digit of 3072?
3
What is the hundreds digit of 2758?
7
What is the hundreds digit of 47268?
2
What is the hundreds digit of 23578?
5
What is the tens digit of 60209?
0
What is the tens digit of 78?
7
What is the hundreds digit of 49838?
8
What is the thousands digit of 1188?
1
What is the thousands digit of 1746?
1
What is the tens digit of 14713?
1
What is the tens digit of 18017?
1
What is the hundreds digit of 1257?
2
What is the tens digit of 186?
8
What is the tens digit of 19696?
9
What is the units digit of 616?
6
What is the hundreds digit of 457?
4
What is the units digit of 18245?
5
What is the units digit of 2050?
0
What is the units digit of 7164?
4
What is the hundreds digit of 1724?
7
What is the hundreds digit of 749?
7
What is the tens digit of 20838?
3
What is the thousands digit of 2223?
2
What is the units digit of 5006?
6
What is the thousands digit of 18839?
8
What is the thousands digit of 4753?
4
What is the hundreds digit of 920?
9
What is the hundreds digit of 4131?
1
What is the units digit of 1579?
9
What is the hundreds digit of 683?
6
What is the units digit of 7462?
2
What is the hundreds digit of 11933?
9
What is the hundreds digit of 346?
3
What is the thousands digit of 6167?
6
What is the tens digit of 1584?
8
What is the thousands digit of 1727?
1
What is the tens digit of 879?
7
What is the thousands digit of 6732?
6
What is the tens digit of 176?
7
What is the hundreds digit of 17764?
7
What is the thousands digit of 5436?
5
What is the tens digit of 2695?
9
What is the tens digit of 2006?
0
What is the tens digit of 555?
5
What is the hundreds digit of 74394?
3
What is the tens digit of 14006?
0
What is the ten thousands digit of 41800?
4
What is the units digit of 399?
9
What is the units digit of 51686?
6
What is the units digit of 100880?
0
What is the units digit of 61?
1
What is the units digit of 842?
2
What is the units digit of 561?
1
What is the tens digit of 1432?
3
What is the thousands digit of 1333?
1
What is the units digit of 1454?
4
What is the tens digit of 11598?
9
What is the thousands digit of 52554?
2
What is the hundreds digit of 99102?
1
What is the units digit of 829?
9
What is the hundreds digit of 168755?
7
What is the units digit of 598?
8
What is the thousands digit of 8848?
8
What is the hundreds digit of 17000?
0
What is the thousands digit of 1267?
1
What is the tens digit of 6362?
6
What is the units digit of 32202?
2
What is the ten thousands digit of 119158?
1
What is the tens digit of 1753?
5
What is the units digit of 726?
6
What is the thousands digit of 42232?
2
What is the units digit of 1825?
5
What is the ten thousands digit of 26265?
2
What is the tens digit of 2339?
3
What is the thousands digit of 2273?
2
What is the units digit of 11557?
7
What is the tens digit of 977?
7
What is the units digit of 40901?
1
What is the units digit of 27303?
3
What is the units digit of 1713?
3
What is the units digit of 44730?
0
What is the units digit of 9074?
4
What is the hundreds digit of 3624?
6
What is the tens digit of 4220?
2
What is the hundreds digit of 66798?
7
What is the tens digit of 399?
9
What is the thousands digit of 1304?
1
What is the units digit of 891?
1
What is the tens digit of 30072?
7
What is the tens digit of 77936?
3
What is the hundreds digit of 740?
7
What is the tens digit of 61378?
7
What is the units digit of 494?
4
What is the units digit of 99?
9
What is the units digit of 2325?
5
What is the hundreds digit of 448?
4
What is the hundreds digit of 3443?
4
What is the thousands digit of 21528?
1
What is the thousands digit of 101807?
1
What is the hundreds digit of 536?
5
What is the hundreds digit of 11043?
0
What is the thousands digit of 39444?
9
What is the tens digit of 988?
8
What is the thousands digit of 1403?
1
What is the thousands digit of 96471?
6
What is the thousands digit of 3958?
3
What is the hundreds digit of 694?
6
What is the thousands digit of 32611?
2
What is the hundreds digit of 468?
4
What is the thousands digit of 8771?
8
What is the hundreds digit of 41501?
5
What is the hundred thousands digit of 108883?
1
What is the thousands digit of 1371?
1
What is the thousands digit of 6515?
6
What is the tens digit of 487?
8
What is the hundreds digit of 466?
4
What is the units digit of 911?
1
What is the tens digit of 306?
0
What is the ten thousands digit of 59309?
5
What is the tens digit of 1451?
5
What is the tens digit of 1505?
0
What is the units digit of 4706?
6
What is the units digit of 691?
1
What is the units digit of 34628?
8
What is the hundreds digit of 519?
5
What is the tens digit of 173?
7
What is the hundreds digit of 3763?
7
What is the hundreds digit of 883?
8
What is the tens digit of 67?
6
What is the tens digit of 1230?
3
What is the thousands digit of 38458?
8
What is the thousands digit of 30749?
0
What is the tens digit of 2040?
4
What is the hundreds digit of 2415?
4
What is the units digit of 61780?
0
What is the hundreds digit of 24133?
1
What is the tens digit of 35528?
2
What is the units digit of 93591?
1
What is the units digit of 12881?
1
What is the tens digit of 38254?
5
What is the hundreds digit of 2400?
4
What is the hundreds digit of 49238?
2
What is the tens digit of 640?
4
What is the hundreds digit of 32442?
4
What is the ten thousands digit of 12229?
1
What is the thousands digit of 1474?
1
What is the units digit of 129512?
2
What is the tens digit of 2590?
9
What is the units digit of 44921?
1
What is the tens digit of 1584?
8
What is the tens digit of 6590?
9
What is the thousands digit of 3417?
3
What is the hundreds digit of 2566?
5
What is the units digit of 107?
7
What is the units digit of 4070?
0
What is the tens digit of 2129?
2
What is the hundreds digit of 665?
6
What is the thousands digit of 4042?
4
What is the units digit of 11?
1
What is the tens digit of 92345?
4
What is the thousands digit of 6933?
6
What is the tens digit of 822?
2
What is the tens digit of 32950?
5
What is the ten thousands digit of 22740?
2
What is the hundreds digit of 1595?
5
What is the hundreds digit of 2649?
6
What is the tens digit of 545?
4
What is the hundreds digit of 1630?
6
What is the thousands digit of 1053?
1
What is the hundreds digit of 2457?
4
What is the thousands digit of 16368?
6
What is the tens digit of 1985?
8
What is the hundreds digit of 13632?
6
What is the tens digit of 2105?
0
What is the units digit of 12675?
5
What is the tens digit of 427?
2
What is the tens digit of 6543?
4
What is the units digit of 3051?
1
What is the thousands digit of 2157?
2
What is the hundreds digit of 642?
6
What is the hundreds digit of 82613?
6
What is the units digit of 1431?
1
What is the thousands digit of 7354?
7
What is the units digit of 54452?
2
What is the tens digit of 17213?
1
What is the units digit of 9741?
1
What is the ten thousands digit of 112453?
1
What is the hundreds digit of 9052?
0
What is the hundreds digit of 66427?
4
What is the tens digit of 5869?
6
What is the hundreds digit of 10501?
5
What is the hundreds digit of 7885?
8
What is the tens digit of 1301?
0
What is the units digit of 1567?
7
What is the tens digit of 11803?
0
What is the thousands digit of 61487?
1
What is the thousands digit of 1120?
1
What is the hundreds digit of 3072?
0
What is the thousands digit of 8116?
8
What is the hundreds digit of 1504?
5
What is the hundreds digit of 3287?
2
What is the hundreds digit of 2614?
6
What is the tens digit of 124?
2
What is the tens digit of 4487?
8
What is the tens digit of 3130?
3
What is the hundreds digit of 2171?
1
What is the hundreds digit of 293?
2
What is the tens digit of 1164?
6
What is the tens digit of 172?
7
What is the ten thousands digit of 10277?
1
What is the hundreds digit of 596?
5
What is the hundreds digit of 390?
3
What is the tens digit of 47?
4
What i